ts digit of p?
1
Let p = 430 + -119. Let j be (-1 + 2/8)*-4. Suppose -a - p = -2*r, -j = a - 0*a. What is the hundreds digit of r?
1
Let j = 24608 + -12169. What is the thousands digit of j?
2
Let c(t) = 33*t**2 - t + 10. Let a be c(-10). Let g = a - 1769. What is the thousands digit of g?
1
Suppose -23*x - 23 = -184. Suppose 2962 - 15 = x*z. What is the hundreds digit of z?
4
Suppose 5*i = i - 1152. Let c be (i/112)/((-2)/14). What is the units digit of c*(-2)/(12/(-21))?
3
Let m(w) = 54*w**2 - 14*w + 7. Let n(z) = -26*z - 126. Let s be n(-5). What is the units digit of m(s)?
5
Let x(g) = g**2 - 3*g - 65. Let j be x(-17). Suppose -2007 + j = -2*b. What is the units digit of b?
6
What is the tens digit of ((2 - 3) + 3 + -1)*(25292 - 9)?
8
What is the hundreds digit of (2193730/555)/(4/(-16) + 140/432)?
3
Suppose 0*j + 60 = 5*j. Suppose -2*q + j = 8. What is the tens digit of (-89 - 0)/(q*2/(-4))?
8
Suppose 0 = m - 3*p + 7*p + 13, -5*p - 74 = 4*m. Suppose v - 64 = -5*z, 3*z - 341 = -0*v - 4*v. Let y = v - m. What is the tens digit of y?
1
Suppose 0 = -11*m + 70 - 4. Suppose -u + 5*o + 554 = 0, -m*u + 4*u + 1114 = -4*o. What is the tens digit of u?
5
Let x(i) = 2470*i - 292. What is the thousands digit of x(3)?
7
Let m(x) = -9*x**3 + 5*x**3 + 5*x**3 - 7 + 0*x**3 + 7*x**2 + 6*x. Let b(r) = -3*r + 4. Let z be b(3). What is the units digit of m(z)?
3
Let c(b) = 87005*b**3 + 14*b**2 - 4*b + 2. What is the hundreds digit of c(1)?
0
Suppose -5*a - 65 = 5*f, -2*a - f = 18 + 11. Let h be 4/a - (-17)/4. Suppose 3*p - 3*m + 222 = h*p, 4*p - 918 = -2*m. What is the tens digit of p?
3
Suppose -3*s + 2*k - 2250 = 0, 5*k - 3000 = s + 3*s. Let p = s + 454. Let j = 487 + p. What is the units digit of j?
1
Suppose 69*v - 3574432 = -65*v - 489216. What is the ten thousands digit of v?
2
Let f be -1 - (-1 + 1 - -4). Let v = 491 - 517. What is the units digit of 1/(-5) + v/f?
5
Let m = -36 + 56. Suppose 0*g + 4*g - m = 0. Suppose -5*y = -g*h - 85, 7*y + h - 63 = 4*y. What is the tens digit of y?
2
Let c be (-1 + 0)*(-9 - -8)*-5. Let q(h) = h**3 + 5*h**2 - 9*h + 1. Let i be q(c). Let u = 117 - i. What is the tens digit of u?
7
Suppose 4*x - 870 = -5*j, 2*x - 3*j - j = 422. Let b = x + 652. What is the hundreds digit of b?
8
Suppose -33*c + 812 = 3*l - 31*c, 2*l - 540 = -2*c. Let z = l + 620. What is the tens digit of z?
9
Let v be ((-18)/(-12))/(3/28). Suppose -15 = -17*k + v*k. Suppose 4*p - 916 = k*f, 4*p - 3*f = -0*f + 908. What is the tens digit of p?
2
Let a(r) = 4*r**2 + 97*r - 582. What is the units digit of a(56)?
4
Suppose 3*v = -y + 3975, 4*v - 11 - 9 = 0. Suppose 13*w - y = -1126. What is the hundreds digit of w?
2
Suppose -5*i + 235 = 5*u, i + 207 = 5*u - 40. Let c = u + 5. What is the units digit of c?
4
Let i(s) = 11*s**3 - 13*s**2 + 19*s - 20. Let d be i(7). Let m = d + -1565. What is the hundreds digit of m?
6
Let g(u) = 13*u + 107. Let f be g(-8). Let r(n) = 2*n**2 - 3*n - 2. What is the units digit of r(f)?
7
Suppose 11*f = 14*f + 3*o + 6, 0 = -2*f - 5*o - 19. Suppose -2*m - 2*k + 802 + 676 = 0, 0 = f*m + 2*k - 2220. What is the units digit of m?
2
Let w(m) = 2282*m**3 - 3*m**2 - 51*m + 109. What is the units digit of w(2)?
1
Let r(p) = -2*p + 21. Let c(g) = -3*g + 39. Let o(t) = 4*c(t) - 7*r(t). Let i be 14/4*(-6)/(-3). What is the units digit of o(i)?
3
Let b(r) be the first derivative of 5*r**2/2 + 145*r - 40. What is the tens digit of b(23)?
6
Suppose -4*w + w + 1 = -2*n, -4*w = -4. Let b be (-11 - -11)/(0 - n). Suppose b = 2*y + 12*y - 280. What is the units digit of y?
0
What is the hundreds digit of (-32)/(-6)*(-2 + -17)*-21?
1
Suppose 5*u - 20 = 0, 3*r + 2*u = -25 - 27. Let l be (4 + 0)*(-15)/r. Suppose 81 + 18 = l*h. What is the tens digit of h?
3
Let a = 42 - 38. Suppose 2*f - 4*b = -f - 83, 5*b - a = -f. What is the units digit of (-237)/f + 1 + 8/(-28)?
2
Let v(p) = 462*p - 175. What is the thousands digit of v(9)?
3
Let h = 26 + -22. Let z be (-9)/(h + (-28)/4). Suppose -4*l + 5*d = -l - 296, 289 = z*l + 2*d. What is the tens digit of l?
9
Let o(t) = 18*t**2 + 8*t + 26. Let w be o(-4). Let f = w + -143. What is the units digit of f?
9
Suppose 0 = 4*w + 4*j - 74472, -2*w + 51*j - 46*j + 37201 = 0. What is the thousands digit of w?
8
Let t = 106987 + -75300. What is the hundreds digit of t?
6
Let b(z) = -7*z + 4. Let u(l) = 5*l + 27. Let k be u(-6). What is the units digit of b(k)?
5
Suppose 0 = 8*a - 11*a - 5*v + 259537, 4*a - 346031 = -3*v. What is the ten thousands digit of a?
8
Let x be (-1)/(-4) + 52/(-16). Let r be -4 + 120/(x - 2). Let k = r + 38. What is the units digit of k?
0
Suppose -5*m - 19*m = -144. What is the tens digit of (-10)/(m + (-1904)/316)?
9
Let t(m) = 11*m**2 + 23*m + 1191. What is the thousands digit of t(-27)?
8
Let j(c) = c**2 + 6*c - 18. Let m = 27 - 37. What is the units digit of j(m)?
2
Let t(r) = 2*r**2 + 15*r + 16. Suppose 4*m + 65 = 277. Let k = -63 + m. What is the tens digit of t(k)?
6
Let o be (8 + 1)*7/(-14)*-2. Suppose u - 166 = -5*x, 6*x - 15 = o*x. What is the hundreds digit of u?
1
Let a be (-65 - (-4)/(-2))/(8/(-72)). Let j = 1023 - a. What is the hundreds digit of j?
4
Suppose 0 = -4*j - 5*l + 11687, 9*l = 5*l - 4. What is the thousands digit of j?
2
Let i = -49 - -52. Suppose 5 = 2*r + i. What is the units digit of 1/(r/4) - -42?
6
Suppose 2*v + 81004 = 9*v. Suppose -5828 = -24*j + v. What is the tens digit of j?
2
Let z(b) = 20*b**2 - 16*b - 81. What is the hundreds digit of z(-13)?
5
Suppose -12*p = -c - 9*p + 6144, -6*p - 18 = 0. What is the tens digit of c?
3
Let w = -2853 + 818. Let t = 4148 + w. What is the tens digit of t?
1
Suppose 2*z + 9*b - 33993 = 6*b, 2*z + 5*b = 33983. What is the units digit of z?
4
Let p(q) = -q**2 - 10*q - 17. Suppose 8*l = -8 - 40. Let m be p(l). Suppose m*w + 88 = 655. What is the tens digit of w?
8
Let w = 50 + -47. Suppose 0 = -w*k + 6*k - 21. What is the units digit of k?
7
Suppose 0*y = -y + 5*j - 6, -y + 12 = 4*j. Suppose 21 = -y*x + 41. Suppose -3*v - p = -355 - 192, 3*p + 907 = x*v. What is the tens digit of v?
8
Let i = 209 + -207. What is the tens digit of ((-6)/(6 + -12))/(i/586)?
9
Let f(o) = o**3 + 8*o**2 + 17*o + 7. Let z be f(-7). Let s = z + 68. Suppose 5*t = -3*m + 215, -2*m + 158 = s*t + 23. What is the tens digit of m?
8
Let f be (5 - 0)/(-5) + -2. Let r be ((-2)/f)/(2/(-33)). What is the hundreds digit of (-1)/r - 10990/(-110)?
1
Let j = -5 + 44. Let i = 39 - j. Suppose -17 = -3*z - 5*s + 15, i = -z - 3*s + 4. What is the units digit of z?
9
Let v be -1*3*4/12. Let c be (1 + -4 + v)*5/(-4). Suppose 0*m - c*m = -175. What is the tens digit of m?
3
Let b = -12289 + 18130. Suppose 0*n + n - b = -4*y, -y + n + 1464 = 0. What is the tens digit of (-1)/6 - y/(-18)?
8
Suppose -50*g + 42 = -36*g. Suppose -g*c + 286 = -38. What is the hundreds digit of c?
1
Suppose 635703 - 189337 = 31*g + 22*g. What is the tens digit of g?
2
Let k(v) = 89*v**2 - 424*v - 47. What is the ten thousands digit of k(19)?
2
Let p be 1/4 - 210/(-56). Suppose p*q - 1354 = 3*v, 3*v + 480 + 200 = 2*q. What is the units digit of q?
7
Suppose 29 = -4*s + 7*s + 4*f, -s = 4*f - 23. Let y be (2/s)/((-64)/(-96)). What is the units digit of 1140/50 - y/(-5)?
3
Let s = -166 + 36. Let p be s/(-4)*((-9)/15 + 1). What is the units digit of 26/(-6)*(-273)/p?
1
Let y(q) = q**2 - 8. Let u be y(0). Let o = 4 + u. What is the tens digit of (-216)/42*42/o?
5
Suppose 388953 = 16*h + 40*h - 937519. What is the ten thousands digit of h?
2
Suppose -2*c + 4*x + 68126 = 0, -281*c = -284*c - 2*x + 102221. What is the ten thousands digit of c?
3
Let o(m) = 5057*m**2 - 27*m + 36. What is the thousands digit of o(2)?
0
What is the hundreds digit of (-17)/((-1964)/654 + (-13 - -16))?
5
Let a(i) = i**3 + 10*i**2 - 62. Let f be a(-9). Suppose f*z = 9778 + 22294. What is the thousands digit of z?
1
Let i = 14088 + -1509. What is the tens digit of i?
7
What is the units digit of (-3104620)/(-160) - (-6)/48?
4
Let u = 305 + -293. Suppose -5*g + 11*h + 2523 = u*h, 5*g - 2535 = 5*h. What is the hundreds digit of g?
5
Let u be (911/(-2) + 8)/(1/10). Let s = -2629 - u. What is the hundreds digit of s?
8
Let x be (-104)/(-56) + 2/14. Suppose 0 = -x*w + p + 288, -6*p + 8*p + 150 = w. Suppose -10*j = -w - 118